s the remainder when 94206 is divided by 32?
30
What is the remainder when 42238 is divided by 21106?
26
What is the remainder when 54454 is divided by 140?
134
Calculate the remainder when 28526 is divided by 529.
489
Calculate the remainder when 4133 is divided by 369.
74
Calculate the remainder when 74112 is divided by 18504.
96
Calculate the remainder when 33718 is divided by 138.
46
What is the remainder when 46747 is divided by 34?
31
Calculate the remainder when 235958 is divided by 971.
5
Calculate the remainder when 64724 is divided by 64711.
13
What is the remainder when 430100 is divided by 43010?
0
What is the remainder when 20498 is divided by 2927?
9
What is the remainder when 1389 is divided by 206?
153
What is the remainder when 2322245 is divided by 22?
13
What is the remainder when 6877 is divided by 390?
247
Calculate the remainder when 41499 is divided by 214.
197
Calculate the remainder when 9604 is divided by 634.
94
Calculate the remainder when 12498 is divided by 173.
42
What is the remainder when 449772 is divided by 11?
4
What is the remainder when 62207 is divided by 108?
107
What is the remainder when 188493 is divided by 1030?
3
Calculate the remainder when 1152 is divided by 641.
511
What is the remainder when 10252 is divided by 3228?
568
Calculate the remainder when 9285 is divided by 17.
3
What is the remainder when 37096 is divided by 2178?
70
What is the remainder when 3309 is divided by 18?
15
What is the remainder when 28100 is divided by 297?
182
Calculate the remainder when 2169 is divided by 530.
49
What is the remainder when 67401 is divided by 283?
47
What is the remainder when 2952 is divided by 432?
360
Calculate the remainder when 115817 is divided by 115806.
11
Calculate the remainder when 10167 is divided by 10085.
82
Calculate the remainder when 3687477 is divided by 20.
17
Calculate the remainder when 7357 is divided by 17.
13
What is the remainder when 200393 is divided by 14?
11
Calculate the remainder when 11917 is divided by 67.
58
Calculate the remainder when 688505 is divided by 489.
482
What is the remainder when 53319 is divided by 17772?
3
What is the remainder when 1254128 is divided by 406?
400
Calculate the remainder when 68349 is divided by 727.
11
Calculate the remainder when 55282 is divided by 790.
772
Calculate the remainder when 634 is divided by 15.
4
Calculate the remainder when 245132 is divided by 24.
20
Calculate the remainder when 3294 is divided by 106.
8
Calculate the remainder when 7191 is divided by 255.
51
What is the remainder when 200885 is divided by 3720?
5
Calculate the remainder when 10348 is divided by 325.
273
What is the remainder when 879 is divided by 773?
106
Calculate the remainder when 8817 is divided by 792.
105
What is the remainder when 1708 is divided by 38?
36
What is the remainder when 484731 is divided by 19389?
6
What is the remainder when 9185 is divided by 1525?
35
What is the remainder when 1790 is divided by 482?
344
Calculate the remainder when 6182 is divided by 13.
7
What is the remainder when 3008815 is divided by 26?
17
Calculate the remainder when 8180159 is divided by 94.
91
Calculate the remainder when 31460 is divided by 6288.
20
What is the remainder when 4120 is divided by 802?
110
Calculate the remainder when 4787 is divided by 321.
293
Calculate the remainder when 15393 is divided by 209.
136
Calculate the remainder when 1472 is divided by 172.
96
What is the remainder when 663 is divided by 189?
96
Calculate the remainder when 160109 is divided by 53.
49
Calculate the remainder when 9267 is divided by 9212.
55
Calculate the remainder when 18037 is divided by 44.
41
What is the remainder when 32002 is divided by 2897?
135
What is the remainder when 8974 is divided by 80?
14
What is the remainder when 18784 is divided by 348?
340
Calculate the remainder when 41214 is divided by 808.
6
What is the remainder when 29211 is divided by 139?
21
Calculate the remainder when 4893 is divided by 348.
21
What is the remainder when 3093 is divided by 115?
103
What is the remainder when 1886 is divided by 612?
50
Calculate the remainder when 13125 is divided by 1545.
765
Calculate the remainder when 56583 is divided by 1888.
1831
What is the remainder when 202397 is divided by 11?
8
Calculate the remainder when 8048 is divided by 103.
14
Calculate the remainder when 3643 is divided by 233.
148
What is the remainder when 1200 is divided by 295?
20
Calculate the remainder when 1221100 is divided by 3030.
10
Calculate the remainder when 29956 is divided by 19.
12
Calculate the remainder when 16021 is divided by 4003.
9
Calculate the remainder when 13102 is divided by 623.
19
What is the remainder when 519402 is divided by 11542?
12
What is the remainder when 22430 is divided by 3734?
26
Calculate the remainder when 219430 is divided by 659.
642
What is the remainder when 59250 is divided by 29593?
64
Calculate the remainder when 18266 is divided by 34.
8
What is the remainder when 78164 is divided by 78097?
67
Calculate the remainder when 859596 is divided by 31.
28
What is the remainder when 94470 is divided by 9?
6
Calculate the remainder when 88087 is divided by 2257.
64
Calculate the remainder when 15392 is divided by 188.
164
Calculate the remainder when 6036 is divided by 376.
20
Calculate the remainder when 7177 is divided by 104.
1
What is the remainder when 3662 is divided by 149?
86
What is the remainder when 3199 is divided by 63?
49
What is the remainder when 87446 is divided by 159?
155
Calculate the remainder when 6577 is divided by 95.
22
Calculate the remainder when 9481 is divided by 78.
43
Calculate the remainder when 468159 is divided by 15.
9
What is the remainder when 107105 is divided by 2280?
2225
What is the remainder when 8688 is divided by 4065?
558
What is the remainder when 11139 is divided by 105?
9
What is the remainder when 3780 is divided by 1945?
1835
Calculate the remainder when 293 is divided by 144.
5
What is the remainder when 370752 is divided by 173?
13
Calculate the remainder when 2532 is divided by 842.
6
What is the remainder when 1507 is divided by 314?
251
What is the remainder when 177838 is divided by 129?
76
What is the remainder when 121445 is divided by 26?
25
Calculate the remainder when 18463 is divided by 18445.
18
What is the remainder when 681405 is divided by 168?
165
What is the remainder when 718661 is divided by 37?
10
Calculate the remainder when 264301 is divided by 50.
1
Calculate the remainder when 431635 is divided by 88.
83
What is the remainder when 196023 is divided by 140?
23
What is the remainder when 117967 is divided by 12?
7
Calculate the remainder when 67706 is divided by 890.
66
Calculate the remainder when 1773409 is divided by 1911.
1
Calculate the remainder when 1003197 is divided by 475.
472
What is the remainder when 49399 is divided by 10?
9
Calculate the remainder when 442637 is divided by 110.
107
Calculate the remainder when 3142 is divided by 356.
294
What is the remainder when 29704 is divided by 7419?
28
Calculate the remainder when 1580 is divided by 17.
16
Calculate the remainder when 107581 is divided by 13445.
21
Calculate the remainder when 2760 is divided by 72.
24
Calculate the remainder when 76883 is divided by 12.
11
Calculate the remainder when 63935 is divided by 148.
147
Calculate the remainder when 25693129 is divided by 145.
144
Calculate the remainder when 1207550 is divided by 356.
354
What is the remainder when 165679 is divided by 25?
4
What is the remainder when 1847 is divided by 88?
87
Calculate the remainder when 66990 is divided by 13397.
5
What is the remainder when 4522 is divided by 377?
375
Calculate the remainder when 4610 is divided by 15.
5
Calculate the remainder when 1947 is divided by 668.
611
What is the remainder when 7908 is divided by 10?
8
What is the remainder when 8316 is divided by 56?
28
What is the remainder when 23699 is divided by 9?
2
What is the remainder when 821 is divided by 222?
155
What is the remainder when 11589 is divided by 5765?
59
What is the remainder when 1798052 is divided by 25?
2
What is the remainder when 1206724 is divided by 402240?
4
What is the remainder when 21858 is divided by 142?
132
Ca